the thousands digit of 24642501?
2
What is the units digit of 231071?
1
What is the units digit of 157383?
3
What is the tens digit of 10831318?
1
What is the hundreds digit of 549550?
5
What is the units digit of 130345?
5
What is the ten thousands digit of 14660443?
6
What is the units digit of 306650?
0
What is the tens digit of 5971870?
7
What is the millions digit of 3478352?
3
What is the units digit of 10641362?
2
What is the thousands digit of 2834331?
4
What is the hundreds digit of 875589?
5
What is the ten millions digit of 10528080?
1
What is the units digit of 580444?
4
What is the hundred thousands digit of 355659?
3
What is the thousands digit of 91106?
1
What is the hundreds digit of 13799035?
0
What is the tens digit of 325625?
2
What is the ten thousands digit of 1022241?
2
What is the ten thousands digit of 1197486?
9
What is the ten thousands digit of 555096?
5
What is the tens digit of 578391?
9
What is the hundred thousands digit of 152969?
1
What is the millions digit of 14919013?
4
What is the thousands digit of 2367692?
7
What is the tens digit of 332261?
6
What is the ten thousands digit of 4827845?
2
What is the hundreds digit of 10299810?
8
What is the tens digit of 496125?
2
What is the millions digit of 8453934?
8
What is the units digit of 342400?
0
What is the ten thousands digit of 354271?
5
What is the tens digit of 20700624?
2
What is the hundred thousands digit of 2441559?
4
What is the tens digit of 439944?
4
What is the hundreds digit of 39309?
3
What is the ten thousands digit of 12488297?
8
What is the ten thousands digit of 8365219?
6
What is the units digit of 451952?
2
What is the millions digit of 1117241?
1
What is the thousands digit of 3172969?
2
What is the ten millions digit of 17010840?
1
What is the hundred thousands digit of 898719?
8
What is the thousands digit of 759398?
9
What is the thousands digit of 449673?
9
What is the tens digit of 22881?
8
What is the units digit of 4363539?
9
What is the hundred thousands digit of 1198720?
1
What is the units digit of 3263185?
5
What is the hundred thousands digit of 5487677?
4
What is the thousands digit of 279767?
9
What is the tens digit of 11532494?
9
What is the units digit of 261034?
4
What is the units digit of 781998?
8
What is the ten thousands digit of 31602715?
0
What is the tens digit of 112237?
3
What is the tens digit of 340955?
5
What is the tens digit of 1076390?
9
What is the ten thousands digit of 8251695?
5
What is the tens digit of 7232589?
8
What is the tens digit of 2938623?
2
What is the millions digit of 7714016?
7
What is the ten thousands digit of 217000?
1
What is the units digit of 1200981?
1
What is the units digit of 21788366?
6
What is the tens digit of 8185049?
4
What is the hundreds digit of 496384?
3
What is the thousands digit of 139091?
9
What is the tens digit of 7588109?
0
What is the units digit of 22055235?
5
What is the ten thousands digit of 592716?
9
What is the thousands digit of 388432?
8
What is the hundred thousands digit of 19059357?
0
What is the thousands digit of 942772?
2
What is the tens digit of 747759?
5
What is the millions digit of 1783224?
1
What is the tens digit of 1612344?
4
What is the tens digit of 1818661?
6
What is the units digit of 4019248?
8
What is the ten thousands digit of 3367895?
6
What is the thousands digit of 3802510?
2
What is the hundred thousands digit of 2485405?
4
What is the hundreds digit of 539841?
8
What is the hundred thousands digit of 238466?
2
What is the hundreds digit of 155779?
7
What is the hundreds digit of 266908?
9
What is the thousands digit of 1330027?
0
What is the tens digit of 241013?
1
What is the millions digit of 7787064?
7
What is the thousands digit of 408305?
8
What is the thousands digit of 1867260?
7
What is the hundred thousands digit of 529307?
5
What is the units digit of 4664859?
9
What is the thousands digit of 265879?
5
What is the units digit of 403405?
5
What is the tens digit of 15623988?
8
What is the hundreds digit of 157592?
5
What is the thousands digit of 3298172?
8
What is the tens digit of 6940409?
0
What is the hundreds digit of 306829?
8
What is the units digit of 747788?
8
What is the hundreds digit of 199477?
4
What is the ten thousands digit of 2597103?
9
What is the hundred thousands digit of 38172802?
1
What is the millions digit of 1031191?
1
What is the thousands digit of 58920?
8
What is the ten thousands digit of 9768412?
6
What is the ten thousands digit of 338035?
3
What is the hundred thousands digit of 683276?
6
What is the hundred thousands digit of 35283678?
2
What is the thousands digit of 1133133?
3
What is the thousands digit of 1409187?
9
What is the ten thousands digit of 263233?
6
What is the ten thousands digit of 2489124?
8
What is the tens digit of 529670?
7
What is the thousands digit of 7976036?
6
What is the millions digit of 5359940?
5
What is the hundreds digit of 9195176?
1
What is the ten thousands digit of 144959?
4
What is the thousands digit of 31752175?
2
What is the ten thousands digit of 66094?
6
What is the tens digit of 271750?
5
What is the hundred thousands digit of 378956?
3
What is the ten thousands digit of 500160?
0
What is the units digit of 1924482?
2
What is the ten thousands digit of 3844173?
4
What is the units digit of 886236?
6
What is the millions digit of 1932820?
1
What is the thousands digit of 67989?
7
What is the units digit of 156428?
8
What is the ten thousands digit of 5392352?
9
What is the hundred thousands digit of 6069003?
0
What is the tens digit of 11054084?
8
What is the ten thousands digit of 220742?
2
What is the millions digit of 10344436?
0
What is the hundred thousands digit of 2739364?
7
What is the units digit of 148242?
2
What is the tens digit of 416951?
5
What is the millions digit of 2237610?
2
What is the ten thousands digit of 70871?
7
What is the tens digit of 3950554?
5
What is the thousands digit of 382357?
2
What is the ten millions digit of 20650785?
2
What is the units digit of 11611235?
5
What is the hundreds digit of 2979764?
7
What is the tens digit of 3847144?
4
What is the tens digit of 591355?
5
What is the millions digit of 1893899?
1
What is the tens digit of 1175823?
2
What is the tens digit of 42326301?
0
What is the hundreds digit of 2039246?
2
What is the tens digit of 193429?
2
What is the thousands digit of 20368060?
8
What is the tens digit of 230464?
6
What is the ten thousands digit of 32020346?
2
What is the hundreds digit of 26765791?
7
What is the hundreds digit of 608051?
0
What is the millions digit of 22118198?
2
What is the hundred thousands digit of 158190?
1
What is the thousands digit of 88451?
8
What is the ten thousands digit of 23045311?
4
What is the thousands digit of 711653?
1
What is the hundreds digit of 44720?
7
What is the hundreds digit of 206392?
3
What is the ten thousands digit of 1308423?
0
What is the units digit of 1458233?
3
What is the units digit of 23912703?
3
What is the hundred thousands digit of 4140456?
1
What is the hundreds digit of 1469477?
4
What is the thousands digit of 1604057?
4
What is the thousands digit of 4017567?
7
What is the units digit of 88447?
7
What is the ten millions digit of 18122430?
1
What is the hundreds digit of 3811850?
8
What is the units digit of 450504?
4
What is the ten thousands digit of 287623?
8
What is the hundred thousands digit of 115067?
1
What is the tens digit of 7488958?
5
What is the hundred thousands digit of 560393?
5
What is the tens digit of 2233548?
4
What is the units digit of 8603204?
4
What is the hundred thousands digit of 1707678?
7
What is the hundreds digit of 11024427?
4
What is the thousands digit of 62506?
2
What is the tens digit of 2301978?
7
What is the units digit of 1024912?
2
What is the hundred thousands digit of 758141?
7
What is the tens digit of 97921?
2
What is the tens digit of 39255453?
5
What is the thousands digit of 319527?
9
What is the thousands digit of 1448266?
8
What is the hundred thousands digit of 1740803?
7
What is the hundreds digit of 483496?
4
What is the units digit of 22180?
0
What is the hundred thousands digit of 297370?
2
What is the ten thousands digit of 1134329?
3
What is the hundreds digit 